, 3, 659069
List the prime factors of 165820.
2, 5, 8291
What are the prime factors of 1039061?
641, 1621
List the prime factors of 5086682.
2, 2543341
List the prime factors of 64913.
139, 467
List the prime factors of 568941.
3, 199, 953
List the prime factors of 6121863.
3, 11, 61837
List the prime factors of 2361180.
2, 3, 5, 23, 29, 59
What are the prime factors of 8060677?
103, 78259
What are the prime factors of 229491?
3, 43, 593
What are the prime factors of 1434964?
2, 61, 5881
List the prime factors of 121570.
2, 5, 12157
List the prime factors of 38347.
31, 1237
List the prime factors of 796434.
2, 3, 132739
What are the prime factors of 985?
5, 197
List the prime factors of 6389237.
6389237
What are the prime factors of 722048?
2, 5641
What are the prime factors of 308376?
2, 3, 4283
List the prime factors of 451270.
2, 5, 45127
List the prime factors of 36892633.
5119, 7207
What are the prime factors of 9509947?
9509947
List the prime factors of 14471.
29, 499
What are the prime factors of 303395?
5, 60679
What are the prime factors of 3199742?
2, 7, 13, 17581
List the prime factors of 1459255.
5, 7, 173, 241
What are the prime factors of 7327704?
2, 3, 503, 607
What are the prime factors of 25502232?
2, 3, 7, 151799
List the prime factors of 1232869.
11, 23, 443
List the prime factors of 3621206.
2, 1810603
What are the prime factors of 1412587?
11, 281, 457
What are the prime factors of 60034?
2, 13, 2309
List the prime factors of 302118.
2, 3, 43, 1171
List the prime factors of 1118573.
31, 36083
List the prime factors of 654503.
31, 43, 491
List the prime factors of 9216897.
3, 167, 18397
What are the prime factors of 112927?
112927
List the prime factors of 135654.
2, 3, 23, 983
List the prime factors of 1003574.
2, 11, 13, 29
List the prime factors of 6923657.
13, 19, 28031
List the prime factors of 4128482.
2, 2064241
What are the prime factors of 1316973?
3, 7, 17, 31
What are the prime factors of 154840?
2, 5, 7, 79
What are the prime factors of 260897?
7, 13, 47, 61
What are the prime factors of 1374946?
2, 687473
What are the prime factors of 2485310?
2, 5, 157, 1583
What are the prime factors of 593548?
2, 148387
List the prime factors of 3050492.
2, 727, 1049
List the prime factors of 14140930.
2, 5, 53, 26681
What are the prime factors of 507878?
2, 7, 36277
What are the prime factors of 787953?
3, 262651
List the prime factors of 885838.
2, 442919
List the prime factors of 441798.
2, 3, 7, 67, 157
What are the prime factors of 36726?
2, 3, 6121
What are the prime factors of 738624?
2, 3, 3847
What are the prime factors of 3710373?
3, 1236791
What are the prime factors of 2603724?
2, 3, 61, 3557
What are the prime factors of 801063?
3, 29669
List the prime factors of 584263.
29, 20147
What are the prime factors of 11475275?
5, 7, 23, 2851
List the prime factors of 1447787.
11, 131617
What are the prime factors of 362046?
2, 3, 83, 727
List the prime factors of 807806.
2, 17, 23, 1033
What are the prime factors of 62139?
3, 7, 11, 269
List the prime factors of 1258614.
2, 3, 7, 1427
What are the prime factors of 6611352?
2, 3, 11, 79, 317
What are the prime factors of 885002?
2, 442501
What are the prime factors of 30363321?
3, 10121107
What are the prime factors of 747984?
2, 3, 15583
List the prime factors of 11102345.
5, 373, 5953
What are the prime factors of 24404595?
3, 5, 31, 1693
List the prime factors of 10081621.
11, 916511
List the prime factors of 2004089.
53, 37813
What are the prime factors of 1539330?
2, 3, 5, 13, 3947
List the prime factors of 38397211.
83, 263, 1759
List the prime factors of 30269739.
3, 47, 137, 1567
List the prime factors of 19450552.
2, 11, 83, 2663
What are the prime factors of 5544097?
13, 426469
What are the prime factors of 1447307?
193, 7499
List the prime factors of 245919.
3, 81973
List the prime factors of 1831621.
11, 269, 619
List the prime factors of 133352.
2, 79, 211
What are the prime factors of 2713023?
3, 301447
List the prime factors of 67300.
2, 5, 673
What are the prime factors of 2091877?
2091877
List the prime factors of 922407.
3, 349, 881
What are the prime factors of 3620035?
5, 724007
List the prime factors of 61775.
5, 7, 353
List the prime factors of 372729.
3, 7, 17749
What are the prime factors of 5073100?
2, 5, 97, 523
List the prime factors of 2152495.
5, 430499
List the prime factors of 1432470.
2, 3, 5, 13, 3673
What are the prime factors of 35834321?
79, 453599
List the prime factors of 42208.
2, 1319
List the prime factors of 238665.
3, 5, 7, 2273
List the prime factors of 23362956.
2, 3, 648971
List the prime factors of 128574.
2, 3, 2381
What are the prime factors of 1192554?
2, 3, 11, 19, 317
List the prime factors of 5707083.
3, 383, 4967
What are the prime factors of 4371267?
3, 293, 4973
List the prime factors of 270933.
3, 13, 6947
List the prime factors of 268352.
2, 7, 599
What are the prime factors of 3205359?
3, 118717
List the prime factors of 205111.
205111
What are the prime factors of 15385794?
2, 3, 53, 48383
List the prime factors of 20272937.
467, 43411
List the prime factors of 5078939.
5078939
List the prime factors of 358728.
2, 3, 14947
What are the prime factors of 568280?
2, 5, 14207
List the prime factors of 646310.
2, 5, 7, 1319
List the prime factors of 8822745.
3, 5, 17, 19, 607
What are the prime factors of 522968?
2, 65371
List the prime factors of 758456.
2, 113, 839
What are the prime factors of 30170638?
2, 15085319
What are the prime factors of 1007806?
2, 37, 13619
What are the prime factors of 310543?
443, 701
List the prime factors of 13440327.
3, 139, 167, 193
List the prime factors of 4563916.
2, 7, 162997
What are the prime factors of 8685179?
691, 12569
What are the prime factors of 3084568?
2, 385571
List the prime factors of 175101.
3, 58367
List the prime factors of 3349151.
13, 257627
List the prime factors of 2132899.
2132899
What are the prime factors of 953534?
2, 19, 23, 1091
List the prime factors of 2155406.
2, 11, 97973
What are the prime factors of 367110?
2, 3, 5, 4079
List the prime factors of 213871.
7, 30553
What are the prime factors of 37101418?
2, 293, 63313
List the prime factors of 237084.
2, 3, 23, 859
What are the prime factors of 662650?
2, 5, 29, 457
What are the prime factors of 22189261?
67, 331183
List the prime factors of 278448.
2, 3, 5801
List the prime factors of 528540.
2, 3, 5, 23, 383
What are the prime factors of 3420594?
2, 3, 307, 619
What are the prime factors of 124886?
2, 41, 1523
What are the prime factors of 2256494?
2, 1128247
What are the prime factors of 220542?
2, 3, 7, 59, 89
List the prime factors of 162986.
2, 227, 359
List the prime factors of 2253800.
2, 5, 59, 191
List the prime factors of 4557871.
43, 105997
What are the prime factors of 699971?
47, 53, 281
What are the prime factors of 691255?
5, 138251
List the prime factors of 177503.
139, 1277
What are the prime factors of 8063499?
3, 359, 7487
List the prime factors of 16927247.
16927247
What are the prime factors of 14997839?
37, 405347
List the prime factors of 2511472.
2, 156967
What are the prime factors of 1101201?
3, 593, 619
What are the prime factors of 181301?
181301
What are the prime factors of 2138905?
5, 427781
What are the prime factors of 7786523?
19, 409817
List the prime factors of 2858.
2, 1429
What are the prime factors of 172457?
37, 59, 79
List the prime factors of 3920555.
5, 19, 41269
What are the prime factors of 12177565?
5, 71, 34303
What are the prime factors of 1210348?
2, 302587
List the prime factors of 310645.
5, 62129
What are the prime factors of 7448627?
19, 392033
List the prime factors of 4522.
2, 7, 17, 19
List the prime factors of 542058.
2, 3, 11, 43, 191
What are the prime factors of 159781?
23, 6947
List the prime factors of 2556169.
7, 11, 89, 373
What are the prime factors of 2463742?
2, 17, 233, 311
List the prime factors of 191147.
11, 17377
List the prime factors of 162871.
271, 601
What are the prime factors of 1357551?
3, 13, 41, 283
What are the prime factors of 337526?
2, 7, 24109
What are the prime factors of 7571344?
2, 11, 43019
What are the prime factors of 287319?
3, 95773
What are the prime factors of 372875?
5, 19, 157
List the prime fac